{"id":1500,"date":"2024-12-29T19:05:29","date_gmt":"2024-12-29T19:05:29","guid":{"rendered":"https:\/\/earlyasd.eu\/web\/home-espanol\/"},"modified":"2025-11-04T14:25:28","modified_gmt":"2025-11-04T14:25:28","slug":"inicio","status":"publish","type":"page","link":"https:\/\/earlyasd.eu\/web\/es\/inicio\/","title":{"rendered":"Inicio"},"content":{"rendered":"\t\t<div data-elementor-type=\"wp-page\" data-elementor-id=\"1500\" class=\"elementor elementor-1500\">\n\t\t\t\t<div class=\"elementor-element elementor-element-16109e23 e-con-full e-flex elementor-invisible e-con e-parent\" data-id=\"16109e23\" data-element_type=\"container\" data-settings=\"{&quot;background_background&quot;:&quot;classic&quot;,&quot;animation&quot;:&quot;fadeIn&quot;}\">\n\t\t<div class=\"elementor-element elementor-element-714a505b e-con-full e-flex e-con e-child\" data-id=\"714a505b\" data-element_type=\"container\">\n\t\t\t\t<div class=\"elementor-element elementor-element-257aa729 elementor-view-default elementor-widget elementor-widget-icon\" data-id=\"257aa729\" data-element_type=\"widget\" data-widget_type=\"icon.default\">\n\t\t\t\t<div class=\"elementor-widget-container\">\n\t\t\t\t\t<div class=\"elementor-icon-wrapper\">\n\t\t\t<div class=\"elementor-icon\">\n\t\t\t<svg aria-hidden=\"true\" class=\"e-font-icon-svg e-fas-long-arrow-alt-down\" viewBox=\"0 0 256 512\" xmlns=\"http:\/\/www.w3.org\/2000\/svg\"><path d=\"M168 345.941V44c0-6.627-5.373-12-12-12h-56c-6.627 0-12 5.373-12 12v301.941H41.941c-21.382 0-32.09 25.851-16.971 40.971l86.059 86.059c9.373 9.373 24.569 9.373 33.941 0l86.059-86.059c15.119-15.119 4.411-40.971-16.971-40.971H168z\"><\/path><\/svg>\t\t\t<\/div>\n\t\t<\/div>\n\t\t\t\t<\/div>\n\t\t\t\t<\/div>\n\t\t\t\t<\/div>\n\t\t\t\t<\/div>\n\t\t<div class=\"elementor-element elementor-element-7ccc4afd e-flex e-con-boxed e-con e-parent\" data-id=\"7ccc4afd\" data-element_type=\"container\">\n\t\t\t\t\t<div class=\"e-con-inner\">\n\t\t<div class=\"elementor-element elementor-element-3fa434ae e-con-full e-flex e-con e-child\" data-id=\"3fa434ae\" data-element_type=\"container\">\n\t\t\t\t<div class=\"elementor-element elementor-element-715523da elementor-widget elementor-widget-heading\" data-id=\"715523da\" data-element_type=\"widget\" data-widget_type=\"heading.default\">\n\t\t\t\t<div class=\"elementor-widget-container\">\n\t\t\t<h5 class=\"elementor-heading-title elementor-size-default\">Qui\u00e9nes somos<\/h5>\t\t<\/div>\n\t\t\t\t<\/div>\n\t\t\t\t<div class=\"elementor-element elementor-element-45a1dd61 elementor-widget elementor-widget-heading\" data-id=\"45a1dd61\" data-element_type=\"widget\" data-widget_type=\"heading.default\">\n\t\t\t\t<div class=\"elementor-widget-container\">\n\t\t\t<h2 class=\"elementor-heading-title elementor-size-default\">Formaci\u00f3n de profesores en formaci\u00f3n en la atenci\u00f3n a la infancia con trastorno del espectro autista a trav\u00e9s de historias sociales digitales<\/h2>\t\t<\/div>\n\t\t\t\t<\/div>\n\t\t\t\t<div class=\"elementor-element elementor-element-6d7da634 elementor-widget elementor-widget-text-editor\" data-id=\"6d7da634\" data-element_type=\"widget\" data-widget_type=\"text-editor.default\">\n\t\t\t\t<div class=\"elementor-widget-container\">\n\t\t\t\t\t\t\t<p>2024-1-PL01-KA220-HED-000246304<\/p><p>EARLY-ASD es un innovador proyecto Erasmus+ destinado a capacitar al profesorado en formaci\u00f3n para atender a la infancia con Trastorno del Espectro Autista (TEA) mediante estrategias de intervenci\u00f3n temprana. El proyecto se centra en mejorar las habilidades sociales y emocionales de los ni\u00f1os y ni\u00f1as con TEA, reuniendo un equipo de miembros experimentados de toda Europa para garantizar pr\u00e1cticas educativas inclusivas y eficaces.<\/p>\t\t\t\t\t\t<\/div>\n\t\t\t\t<\/div>\n\t\t\t\t<div class=\"elementor-element elementor-element-6f237442 elementor-widget elementor-widget-text-editor\" data-id=\"6f237442\" data-element_type=\"widget\" data-widget_type=\"text-editor.default\">\n\t\t\t\t<div class=\"elementor-widget-container\">\n\t\t\t\t\t\t\t<p>Juntos, nos esforzamos por promover la transformaci\u00f3n digital, la inclusi\u00f3n y la excelencia en la formaci\u00f3n del profesorado para un futuro mejor.<\/p>\t\t\t\t\t\t<\/div>\n\t\t\t\t<\/div>\n\t\t\t\t<div class=\"elementor-element elementor-element-67032508 elementor-align-center elementor-widget elementor-widget-button\" data-id=\"67032508\" data-element_type=\"widget\" data-widget_type=\"button.default\">\n\t\t\t\t<div class=\"elementor-widget-container\">\n\t\t\t\t\t\t\t<div class=\"elementor-button-wrapper\">\n\t\t\t\t\t<a class=\"elementor-button elementor-button-link elementor-size-sm\" href=\"#\">\n\t\t\t\t\t\t<span class=\"elementor-button-content-wrapper\">\n\t\t\t\t\t\t\t\t\t<span class=\"elementor-button-text\">M\u00e1s informaci\u00f3n<\/span>\n\t\t\t\t\t<\/span>\n\t\t\t\t\t<\/a>\n\t\t\t\t<\/div>\n\t\t\t\t\t\t<\/div>\n\t\t\t\t<\/div>\n\t\t\t\t<\/div>\n\t\t\t\t\t<\/div>\n\t\t\t\t<\/div>\n\t\t<div class=\"elementor-element elementor-element-151d817a e-flex e-con-boxed e-con e-parent\" data-id=\"151d817a\" data-element_type=\"container\" data-settings=\"{&quot;background_background&quot;:&quot;classic&quot;}\">\n\t\t\t\t\t<div class=\"e-con-inner\">\n\t\t<div class=\"elementor-element elementor-element-4aae7fd4 e-con-full e-flex e-con e-child\" data-id=\"4aae7fd4\" data-element_type=\"container\">\n\t\t\t\t<\/div>\n\t\t\t\t<div class=\"elementor-element elementor-element-17e10752 elementor-widget elementor-widget-image-box\" data-id=\"17e10752\" data-element_type=\"widget\" data-widget_type=\"image-box.default\">\n\t\t\t\t<div class=\"elementor-widget-container\">\n\t\t\t<div class=\"elementor-image-box-wrapper\"><div class=\"elementor-image-box-content\"><h4 class=\"elementor-image-box-title\">Programa de formaci\u00f3n de ense\u00f1anza superior<\/h4><p class=\"elementor-image-box-description\"><p><span style=\"font-size:11.0pt;font-family:\nRoboto;mso-bidi-font-family:Calibri;mso-bidi-theme-font:minor-latin;mso-ansi-language:\nES\">EARLY-ASD tiene como objetivo desarrollar un programa de formaci\u00f3n de Educaci\u00f3n Superior con un enfoque espec\u00edfico en la intervenci\u00f3n temprana para el desarrollo de habilidades sociales y emocionales de la infancia con TEA, mediante la creaci\u00f3n de historias sociales digitales, la preparaci\u00f3n de profesores de Educaci\u00f3n Infantil en formaci\u00f3n y la elaboraci\u00f3n de un manual que servir\u00e1 como gu\u00eda pr\u00e1ctica.<\/span><\/p><h4 data-elementor-setting-key=\"title_text\" data-elementor-inline-editing-toolbar=\"none\" data-pen-placeholder=\"Buraya Yaz\u0131n...\" style=\"font-size: 1.41176rem; font-style: normal; outline-style: initial; outline-width: 0px;\">Estrategias de intervenci\u00f3n temprana basadas en evidencias<\/h4>El proyecto EARLY-ASD tiene como objetivo proporcionar estrategias de intervenci\u00f3n temprana basadas en evidencias para apoyar el desarrollo social y emocional de la infancia con Trastorno del Espectro Autista (TEA).)<br><br><h4 data-elementor-setting-key=\"title_text\" data-elementor-inline-editing-toolbar=\"none\" data-pen-placeholder=\"Buraya Yaz\u0131n...\" style=\"font-size: 1.41176rem; font-style: normal; outline-style: initial; outline-width: 0px;\">Implementaci\u00f3n pr\u00e1ctica<\/h4>El proyecto tambi\u00e9n se centra en preparar a los profesores en formaci\u00f3n para que apliquen adecuadamente historias sociales digitales, garantizando su implementaci\u00f3n pr\u00e1ctica. Mediante un proceso piloto estructurado en centros de Educaci\u00f3n Infnatil, EARLY-ASD pretende mejorar el desarrollo social y emocional de los ni\u00f1os y ni\u00f1as con TEA.<\/p><\/div><\/div>\t\t<\/div>\n\t\t\t\t<\/div>\n\t\t\t\t\t<\/div>\n\t\t\t\t<\/div>\n\t\t<div class=\"elementor-element elementor-element-630b7e58 e-flex e-con-boxed e-con e-parent\" data-id=\"630b7e58\" data-element_type=\"container\">\n\t\t\t\t\t<div class=\"e-con-inner\">\n\t\t<div class=\"elementor-element elementor-element-757dd487 e-con-full e-flex e-con e-child\" data-id=\"757dd487\" data-element_type=\"container\">\n\t\t\t\t<div class=\"elementor-element elementor-element-5eb97050 elementor-widget elementor-widget-heading\" data-id=\"5eb97050\" data-element_type=\"widget\" data-widget_type=\"heading.default\">\n\t\t\t\t<div class=\"elementor-widget-container\">\n\t\t\t<h2 class=\"elementor-heading-title elementor-size-default\">Resultados<\/h2>\t\t<\/div>\n\t\t\t\t<\/div>\n\t\t<div class=\"elementor-element elementor-element-22d3e20b e-flex e-con-boxed e-con e-child\" data-id=\"22d3e20b\" data-element_type=\"container\">\n\t\t\t\t\t<div class=\"e-con-inner\">\n\t\t\t\t<div class=\"elementor-element elementor-element-79416c5d elementor-widget__width-initial elementor-widget-mobile__width-inherit elementor-position-top elementor-widget elementor-widget-image-box\" data-id=\"79416c5d\" data-element_type=\"widget\" data-widget_type=\"image-box.default\">\n\t\t\t\t<div class=\"elementor-widget-container\">\n\t\t\t<div class=\"elementor-image-box-wrapper\"><figure class=\"elementor-image-box-img\"><img fetchpriority=\"high\" decoding=\"async\" width=\"974\" height=\"1260\" src=\"https:\/\/earlyasd.eu\/web\/wp-content\/uploads\/2024\/12\/EARLY-ASD-2tablet.png\" class=\"attachment-full size-full wp-image-1012\" alt=\"\" srcset=\"https:\/\/earlyasd.eu\/web\/wp-content\/uploads\/2024\/12\/EARLY-ASD-2tablet.png 974w, https:\/\/earlyasd.eu\/web\/wp-content\/uploads\/2024\/12\/EARLY-ASD-2tablet-232x300.png 232w, https:\/\/earlyasd.eu\/web\/wp-content\/uploads\/2024\/12\/EARLY-ASD-2tablet-792x1024.png 792w, https:\/\/earlyasd.eu\/web\/wp-content\/uploads\/2024\/12\/EARLY-ASD-2tablet-768x994.png 768w\" sizes=\"(max-width: 974px) 100vw, 974px\" \/><\/figure><div class=\"elementor-image-box-content\"><h4 class=\"elementor-image-box-title\">Programa de formaci\u00f3n<\/h4><p class=\"elementor-image-box-description\">Programa de formaci\u00f3n de ense\u00f1anza superior centrado en la intervenci\u00f3n temprana para el desarrollo de habilidades sociales y emocionales de los ni\u00f1os y ni\u00f1as con TEA de Educaci\u00f3n Infantil.<\/p><\/div><\/div>\t\t<\/div>\n\t\t\t\t<\/div>\n\t\t\t\t<div class=\"elementor-element elementor-element-26971ea0 elementor-widget__width-initial elementor-widget-mobile__width-inherit elementor-position-top elementor-widget elementor-widget-image-box\" data-id=\"26971ea0\" data-element_type=\"widget\" data-widget_type=\"image-box.default\">\n\t\t\t\t<div class=\"elementor-widget-container\">\n\t\t\t<div class=\"elementor-image-box-wrapper\"><figure class=\"elementor-image-box-img\"><img decoding=\"async\" width=\"978\" height=\"1260\" src=\"https:\/\/earlyasd.eu\/web\/wp-content\/uploads\/2024\/12\/EARLY-ASD-4tablet.png\" class=\"attachment-full size-full wp-image-1018\" alt=\"\" srcset=\"https:\/\/earlyasd.eu\/web\/wp-content\/uploads\/2024\/12\/EARLY-ASD-4tablet.png 978w, https:\/\/earlyasd.eu\/web\/wp-content\/uploads\/2024\/12\/EARLY-ASD-4tablet-233x300.png 233w, https:\/\/earlyasd.eu\/web\/wp-content\/uploads\/2024\/12\/EARLY-ASD-4tablet-795x1024.png 795w, https:\/\/earlyasd.eu\/web\/wp-content\/uploads\/2024\/12\/EARLY-ASD-4tablet-768x989.png 768w\" sizes=\"(max-width: 978px) 100vw, 978px\" \/><\/figure><div class=\"elementor-image-box-content\"><h4 class=\"elementor-image-box-title\">Historias sociales digitales<\/h4><p class=\"elementor-image-box-description\">Las historias sociales digitales explican situaciones sociales de forma accesible, ense\u00f1an habilidades sociales y ayudan a los ni\u00f1os y ni\u00f1as a hacer frente a dificultades en estas situaciones.\n<\/p><\/div><\/div>\t\t<\/div>\n\t\t\t\t<\/div>\n\t\t\t\t<div class=\"elementor-element elementor-element-4b1de028 elementor-widget__width-initial elementor-widget-mobile__width-inherit elementor-position-top elementor-widget elementor-widget-image-box\" data-id=\"4b1de028\" data-element_type=\"widget\" data-widget_type=\"image-box.default\">\n\t\t\t\t<div class=\"elementor-widget-container\">\n\t\t\t<div class=\"elementor-image-box-wrapper\"><figure class=\"elementor-image-box-img\"><img decoding=\"async\" width=\"978\" height=\"1260\" src=\"https:\/\/earlyasd.eu\/web\/wp-content\/uploads\/2024\/12\/EARLY-ASD-5tablet.png\" class=\"attachment-full size-full wp-image-1019\" alt=\"\" srcset=\"https:\/\/earlyasd.eu\/web\/wp-content\/uploads\/2024\/12\/EARLY-ASD-5tablet.png 978w, https:\/\/earlyasd.eu\/web\/wp-content\/uploads\/2024\/12\/EARLY-ASD-5tablet-233x300.png 233w, https:\/\/earlyasd.eu\/web\/wp-content\/uploads\/2024\/12\/EARLY-ASD-5tablet-795x1024.png 795w, https:\/\/earlyasd.eu\/web\/wp-content\/uploads\/2024\/12\/EARLY-ASD-5tablet-768x989.png 768w\" sizes=\"(max-width: 978px) 100vw, 978px\" \/><\/figure><div class=\"elementor-image-box-content\"><h4 class=\"elementor-image-box-title\">Gu\u00eda pr\u00e1ctica<\/h4><p class=\"elementor-image-box-description\">Gu\u00eda pr\u00e1ctica sobre \"\u00bfC\u00f3mo utilizar las historias sociales digitales para el desarrollo social y emocional de la infancia con TEA?\"<\/p><\/div><\/div>\t\t<\/div>\n\t\t\t\t<\/div>\n\t\t\t\t\t<\/div>\n\t\t\t\t<\/div>\n\t\t\t\t<\/div>\n\t\t\t\t\t<\/div>\n\t\t\t\t<\/div>\n\t\t<div class=\"elementor-element elementor-element-1126417c e-flex e-con-boxed e-con e-parent\" data-id=\"1126417c\" data-element_type=\"container\">\n\t\t\t\t\t<div class=\"e-con-inner\">\n\t\t\t\t<div class=\"elementor-element elementor-element-11d9eddf elementor-widget elementor-widget-elementskit-back-to-top\" data-id=\"11d9eddf\" data-element_type=\"widget\" data-widget_type=\"elementskit-back-to-top.default\">\n\t\t\t\t<div class=\"elementor-widget-container\">\n\t\t\t<div class=\"ekit-wid-con\" >\t\t\t<div class=\"ekit-back-to-top-container ekit-btt icon_only\" data-settings=\"{&quot;offset_top&quot;:0,&quot;show_after&quot;:null,&quot;show_scroll&quot;:&quot;&quot;,&quot;style&quot;:&quot;icon_only&quot;,&quot;foreground&quot;:null,&quot;background&quot;:null}\"> \n\t\t\t\t<span class=\"ekit-btt__button \">\n\t\t\t\t\t<svg aria-hidden=\"true\" class=\"e-font-icon-svg e-fas-arrow-up\" viewBox=\"0 0 448 512\" xmlns=\"http:\/\/www.w3.org\/2000\/svg\"><path d=\"M34.9 289.5l-22.2-22.2c-9.4-9.4-9.4-24.6 0-33.9L207 39c9.4-9.4 24.6-9.4 33.9 0l194.3 194.3c9.4 9.4 9.4 24.6 0 33.9L413 289.4c-9.5 9.5-25 9.3-34.3-.4L264 168.6V456c0 13.3-10.7 24-24 24h-32c-13.3 0-24-10.7-24-24V168.6L69.2 289.1c-9.3 9.8-24.8 10-34.3.4z\"><\/path><\/svg>\t\t\t\t<\/span>\n\t\t\t<\/div>\n\t\t<\/div>\t\t<\/div>\n\t\t\t\t<\/div>\n\t\t\t\t\t<\/div>\n\t\t\t\t<\/div>\n\t\t\t\t<\/div>\n\t\t","protected":false},"excerpt":{"rendered":"<p>Qui\u00e9nes somos Formaci\u00f3n de profesores en formaci\u00f3n en la atenci\u00f3n a la infancia con trastorno del espectro autista a trav\u00e9s de historias sociales digitales 2024-1-PL01-KA220-HED-000246304 EARLY-ASD es un innovador proyecto Erasmus+ destinado a capacitar al profesorado en formaci\u00f3n para atender a la infancia con Trastorno del Espectro Autista (TEA) mediante estrategias de intervenci\u00f3n temprana. El [&hellip;]<\/p>\n","protected":false},"author":3,"featured_media":0,"parent":0,"menu_order":0,"comment_status":"closed","ping_status":"closed","template":"","meta":{"site-sidebar-layout":"no-sidebar","site-content-layout":"page-builder","ast-site-content-layout":"full-width-container","site-content-style":"unboxed","site-sidebar-style":"unboxed","ast-global-header-display":"","ast-banner-title-visibility":"","ast-main-header-display":"","ast-hfb-above-header-display":"","ast-hfb-below-header-display":"","ast-hfb-mobile-header-display":"","site-post-title":"disabled","ast-breadcrumbs-content":"","ast-featured-img":"disabled","footer-sml-layout":"","theme-transparent-header-meta":"enabled","adv-header-id-meta":"","stick-header-meta":"","header-above-stick-meta":"","header-main-stick-meta":"","header-below-stick-meta":"","astra-migrate-meta-layouts":"set","ast-page-background-enabled":"default","ast-page-background-meta":{"desktop":{"background-color":"","background-image":"","background-repeat":"repeat","background-position":"center center","background-size":"auto","background-attachment":"scroll","background-type":"","background-media":"","overlay-type":"","overlay-color":"","overlay-opacity":"","overlay-gradient":""},"tablet":{"background-color":"","background-image":"","background-repeat":"repeat","background-position":"center center","background-size":"auto","background-attachment":"scroll","background-type":"","background-media":"","overlay-type":"","overlay-color":"","overlay-opacity":"","overlay-gradient":""},"mobile":{"background-color":"","background-image":"","background-repeat":"repeat","background-position":"center center","background-size":"auto","background-attachment":"scroll","background-type":"","background-media":"","overlay-type":"","overlay-color":"","overlay-opacity":"","overlay-gradient":""}},"ast-content-background-meta":{"desktop":{"background-color":"var(--ast-global-color-5)","background-image":"","background-repeat":"repeat","background-position":"center center","background-size":"auto","background-attachment":"scroll","background-type":"","background-media":"","overlay-type":"","overlay-color":"","overlay-opacity":"","overlay-gradient":""},"tablet":{"background-color":"var(--ast-global-color-5)","background-image":"","background-repeat":"repeat","background-position":"center center","background-size":"auto","background-attachment":"scroll","background-type":"","background-media":"","overlay-type":"","overlay-color":"","overlay-opacity":"","overlay-gradient":""},"mobile":{"background-color":"var(--ast-global-color-5)","background-image":"","background-repeat":"repeat","background-position":"center center","background-size":"auto","background-attachment":"scroll","background-type":"","background-media":"","overlay-type":"","overlay-color":"","overlay-opacity":"","overlay-gradient":""}},"footnotes":""},"class_list":["post-1500","page","type-page","status-publish","hentry"],"_links":{"self":[{"href":"https:\/\/earlyasd.eu\/web\/wp-json\/wp\/v2\/pages\/1500","targetHints":{"allow":["GET"]}}],"collection":[{"href":"https:\/\/earlyasd.eu\/web\/wp-json\/wp\/v2\/pages"}],"about":[{"href":"https:\/\/earlyasd.eu\/web\/wp-json\/wp\/v2\/types\/page"}],"author":[{"embeddable":true,"href":"https:\/\/earlyasd.eu\/web\/wp-json\/wp\/v2\/users\/3"}],"replies":[{"embeddable":true,"href":"https:\/\/earlyasd.eu\/web\/wp-json\/wp\/v2\/comments?post=1500"}],"version-history":[{"count":14,"href":"https:\/\/earlyasd.eu\/web\/wp-json\/wp\/v2\/pages\/1500\/revisions"}],"predecessor-version":[{"id":2402,"href":"https:\/\/earlyasd.eu\/web\/wp-json\/wp\/v2\/pages\/1500\/revisions\/2402"}],"wp:attachment":[{"href":"https:\/\/earlyasd.eu\/web\/wp-json\/wp\/v2\/media?parent=1500"}],"curies":[{"name":"wp","href":"https:\/\/api.w.org\/{rel}","templated":true}]}}